its digit of 23978?
8
What is the thousands digit of 15804?
5
What is the hundreds digit of 5861?
8
What is the ten thousands digit of 28112?
2
What is the tens digit of 4463?
6
What is the units digit of 43533?
3
What is the hundreds digit of 714?
7
What is the ten thousands digit of 65931?
6
What is the tens digit of 103798?
9
What is the thousands digit of 1306?
1
What is the hundreds digit of 11886?
8
What is the hundreds digit of 11260?
2
What is the tens digit of 40615?
1
What is the thousands digit of 33327?
3
What is the hundreds digit of 940?
9
What is the hundreds digit of 8788?
7
What is the thousands digit of 11097?
1
What is the ten thousands digit of 61410?
6
What is the units digit of 93031?
1
What is the thousands digit of 13528?
3
What is the tens digit of 5114?
1
What is the ten thousands digit of 27209?
2
What is the hundreds digit of 1298?
2
What is the thousands digit of 1127?
1
What is the tens digit of 17031?
3
What is the tens digit of 3690?
9
What is the tens digit of 495?
9
What is the hundreds digit of 1105?
1
What is the units digit of 1955?
5
What is the tens digit of 460?
6
What is the tens digit of 2509?
0
What is the tens digit of 36177?
7
What is the tens digit of 206?
0
What is the thousands digit of 3070?
3
What is the hundreds digit of 282?
2
What is the thousands digit of 13815?
3
What is the hundreds digit of 6628?
6
What is the thousands digit of 4989?
4
What is the units digit of 4199?
9
What is the thousands digit of 1500?
1
What is the tens digit of 9502?
0
What is the tens digit of 9524?
2
What is the thousands digit of 79924?
9
What is the units digit of 2055?
5
What is the tens digit of 1275?
7
What is the tens digit of 898?
9
What is the units digit of 991?
1
What is the hundreds digit of 296?
2
What is the tens digit of 4205?
0
What is the tens digit of 2345?
4
What is the tens digit of 610?
1
What is the tens digit of 634?
3
What is the hundreds digit of 5525?
5
What is the units digit of 4687?
7
What is the hundreds digit of 48702?
7
What is the hundreds digit of 4612?
6
What is the thousands digit of 4262?
4
What is the units digit of 270?
0
What is the tens digit of 759?
5
What is the hundreds digit of 1566?
5
What is the hundreds digit of 21593?
5
What is the thousands digit of 10723?
0
What is the thousands digit of 17659?
7
What is the tens digit of 6070?
7
What is the hundreds digit of 23320?
3
What is the tens digit of 6243?
4
What is the units digit of 9067?
7
What is the hundreds digit of 39588?
5
What is the ten thousands digit of 15332?
1
What is the units digit of 1203?
3
What is the hundreds digit of 5245?
2
What is the units digit of 10009?
9
What is the tens digit of 236?
3
What is the units digit of 1728?
8
What is the tens digit of 65456?
5
What is the units digit of 517?
7
What is the tens digit of 50854?
5
What is the tens digit of 3519?
1
What is the ten thousands digit of 89441?
8
What is the hundreds digit of 231?
2
What is the tens digit of 249?
4
What is the units digit of 1240?
0
What is the units digit of 15157?
7
What is the thousands digit of 37030?
7
What is the units digit of 25453?
3
What is the hundreds digit of 664?
6
What is the ten thousands digit of 102551?
0
What is the units digit of 2608?
8
What is the tens digit of 57047?
4
What is the units digit of 3166?
6
What is the tens digit of 22981?
8
What is the units digit of 1492?
2
What is the tens digit of 122427?
2
What is the tens digit of 6167?
6
What is the thousands digit of 34619?
4
What is the tens digit of 1149?
4
What is the thousands digit of 4222?
4
What is the hundreds digit of 13815?
8
What is the units digit of 10514?
4
What is the ten thousands digit of 14720?
1
What is the thousands digit of 2744?
2
What is the hundreds digit of 1213?
2
What is the tens digit of 1638?
3
What is the units digit of 1458?
8
What is the units digit of 4468?
8
What is the ten thousands digit of 21248?
2
What is the ten thousands digit of 64365?
6
What is the units digit of 504?
4
What is the tens digit of 585?
8
What is the hundreds digit of 23715?
7
What is the thousands digit of 11388?
1
What is the tens digit of 1803?
0
What is the thousands digit of 77287?
7
What is the units digit of 1275?
5
What is the units digit of 2322?
2
What is the units digit of 5010?
0
What is the tens digit of 9712?
1
What is the tens digit of 4969?
6
What is the hundreds digit of 1922?
9
What is the tens digit of 4014?
1
What is the thousands digit of 3148?
3
What is the tens digit of 3534?
3
What is the hundreds digit of 15343?
3
What is the thousands digit of 24693?
4
What is the hundred thousands digit of 117197?
1
What is the hundreds digit of 1256?
2
What is the hundreds digit of 18782?
7
What is the tens digit of 21496?
9
What is the ten thousands digit of 45273?
4
What is the units digit of 413?
3
What is the tens digit of 228?
2
What is the tens digit of 6726?
2
What is the units digit of 663?
3
What is the hundreds digit of 1801?
8
What is the thousands digit of 3786?
3
What is the tens digit of 66867?
6
What is the hundreds digit of 14326?
3
What is the units digit of 2160?
0
What is the thousands digit of 10662?
0
What is the ten thousands digit of 13088?
1
What is the hundreds digit of 7278?
2
What is the hundreds digit of 32227?
2
What is the hundreds digit of 749?
7
What is the thousands digit of 5094?
5
What is the units digit of 11696?
6
What is the tens digit of 32842?
4
What is the tens digit of 20499?
9
What is the units digit of 24398?
8
What is the ten thousands digit of 11520?
1
What is the units digit of 5434?
4
What is the thousands digit of 16646?
6
What is the thousands digit of 27481?
7
What is the ten thousands digit of 51655?
5
What is the ten thousands digit of 18065?
1
What is the thousands digit of 1500?
1
What is the hundreds digit of 8522?
5
What is the tens digit of 8993?
9
What is the ten thousands digit of 144454?
4
What is the units digit of 2055?
5
What is the hundreds digit of 172?
1
What is the hundreds digit of 1399?
3
What is the hundreds digit of 18951?
9
What is the tens digit of 26664?
6
What is the ten thousands digit of 19150?
1
What is the hundreds digit of 7534?
5
What is the hundreds digit of 8043?
0
What is the hundreds digit of 68930?
9
What is the units digit of 978?
8
What is the units digit of 9251?
1
What is the units digit of 4902?
2
What is the tens digit of 19078?
7
What is the units digit of 2170?
0
What is the tens digit of 1066?
6
What is the units digit of 7110?
0
What is the tens digit of 260?
6
What is the thousands digit of 1428?
1
What is the thousands digit of 61263?
1
What is the hundreds digit of 164943?
9
What is the units digit of 36729?
9
What is the hundreds digit of 78233?
2
What is the tens digit of 19238?
3
What is the thousands digit of 2606?
2
What is the tens digit of 1537?
3
What is the tens digit of 21938?
3
What is the ten thousands digit of 75136?
7
What is the tens digit of 1011?
1
What is the tens digit of 1649?
4
What is the units digit of 1100?
0
What is the hundreds digit of 14673?
6
What is the hundreds digit of 708?
7
What is the thousands digit of 1707?
1
What is the units digit of 22565?
5
What is the tens digit of 21769?
6
What is the units digit of 10872?
2
What is the tens digit of 871?
7
What is the thousands digit of 3971?
3
What is the tens digit of 933?
3
What is the tens digit of 8958?
5
What is the thousands digit of 1118?
1
What is the units digit of 680?
0
What is the ten thousands digit of 10563?
1
What is the hundreds digit of 12606?
6
What is the tens digit of 713?
1
What is the hundreds digit of 2420?
4
What is the units digit of 1119?
9
What is the units digit of 1110?
0
What is the hundreds digit of 126596?
5
What is the units digit of 61288?
8
What is the hundreds digit of 417?
4
What is the tens digit of 82490?
9
What is the units digit of 433?
3
What is the hundreds digit of 2849?
8
What is the units digit of 43149?
9
What is the thousands digit of 91667?
1
What is the tens digit of 6391?
9
What is the ten thousands digit of 27757?
2
What is the units digit of 1414?
4
What is the hundreds digit of 332?
3
What is the tens digit of 59567?
6
What is the tens digit of 1805?
0
What is the tens digit of 8233?
3
What is the 